157
In base 16, what is 5 - 11ad07?
-11ad02
In base 14, what is 29a + c2522?
c27bc
In base 4, what is 0 + -123123210333?
-123123210333
In base 13, what is -3 - -1162a9c8?
1162a9c5
In base 2, what is -11110 - 1100110100110100100011?
-1100110100110101000001
In base 4, what is 113 - 22030302220?
-22030302101
In base 12, what is 23082 + -6b?
23013
In base 12, what is -3 + 6b5a4116?
6b5a4113
In base 7, what is 2 + -210604414?
-210604412
In base 12, what is -1 + -57a38a45?
-57a38a46
In base 11, what is -7 - -2182793?
2182787
In base 14, what is -b407 + -a5a?
-c063
In base 2, what is 11010111 + 100111000000000100?
100111000011011011
In base 15, what is -2 + -ebbb74?
-ebbb76
In base 7, what is -3 - 105356042?
-105356045
In base 10, what is 2291 - 53151?
-50860
In base 11, what is 468a0219 - 0?
468a0219
In base 16, what is -b491 - -1b?
-b476
In base 7, what is -52220 + 315?
-51602
In base 16, what is -4 + -dc8d998?
-dc8d99c
In base 8, what is -474626 - -15033?
-457573
In base 16, what is -1596 - -2873?
12dd
In base 2, what is -100 - 110111001101000000101?
-110111001101000001001
In base 9, what is 85 - -102800?
102885
In base 11, what is 55 + -7a3486?
-7a3431
In base 2, what is 10001110010111110001100111 - -101?
10001110010111110001101100
In base 12, what is -20891 - 454?
-21125
In base 16, what is -7 - -87e8ad?
87e8a6
In base 3, what is 21 - -22002112210010221?
22002112210011012
In base 3, what is 12020101 + 2111202001?
2200222102
In base 9, what is -100681 + -760?
-101551
In base 8, what is -266 + 123666?
123400
In base 5, what is 1 + -4220130313?
-4220130312
In base 7, what is -26546 + -2501?
-32350
In base 6, what is 4125233300 - 4?
4125233252
In base 11, what is 5 - -1a87403?
1a87408
In base 8, what is 64265 + -1047?
63216
In base 12, what is -1a - 4676b60?
-4676b7a
In base 11, what is -3 + 79416a38?
79416a35
In base 8, what is 22 - -2142106?
2142130
In base 5, what is -133012010 - 140?
-133012200
In base 16, what is -1d50fe - -8?
-1d50f6
In base 7, what is -3 + 162666340?
162666334
In base 5, what is 244 - -101412303?
101413102
In base 5, what is -111343 + -104?
-112002
In base 7, what is 4 - -3032241014?
3032241021
In base 3, what is 22112100 + -20101012?
2011011
In base 3, what is 1221000211002 - -2?
1221000211011
In base 10, what is -12 + -13056980?
-13056992
In base 9, what is 42043 - -8013?
51056
In base 11, what is -1594 - -732?
-962
In base 13, what is 40 + -27627?
-275b7
In base 13, what is -2965b0 + 1?
-2965ac
In base 13, what is 5 + -6143689?
-6143684
In base 8, what is -1 + 3141733721?
3141733720
In base 5, what is 10 - -33323303142?
33323303202
In base 9, what is 20 + 3547154?
3547174
In base 10, what is 229439202 - -3?
229439205
In base 7, what is -1563534 - 160?
-1564024
In base 14, what is -29 - -1c2c7?
1c29c
In base 3, what is 1 + -1211101021021120?
-1211101021021112
In base 5, what is 342400043 - 2200?
342342343
In base 5, what is 23 + -1131001?
-1130423
In base 6, what is -40 - 54152214?
-54152254
In base 15, what is -52 + -1d2b?
-1d7d
In base 9, what is 32 + -61786365?
-61786333
In base 11, what is -92a2a148 - 0?
-92a2a148
In base 4, what is 120 - -231321232?
231322012
In base 11, what is -5a0 + 5210?
4720
In base 4, what is -23 + -11202332211?
-11202332300
In base 12, what is 273185a + 2a?
2731888
In base 8, what is -6225 + -1046?
-7273
In base 9, what is 245305 + 34?
245340
In base 7, what is -244 + 334146?
333602
In base 10, what is 31 + -56925770?
-56925739
In base 15, what is -2 - 103b0a?
-103b0c
In base 12, what is -20137 - -6184?
-15b73
In base 13, what is -4 + 103b4b9?
103b4b5
In base 11, what is -9 + -309351?
-30935a
In base 8, what is 1232 - -21765?
23217
In base 12, what is -101b91576 - 0?
-101b91576
In base 2, what is 10011010110011100100000001 - 11?
10011010110011100011111110
In base 4, what is 231110131201 + 11?
231110131212
In base 12, what is 936 + 58161?
58a97
In base 5, what is -220 + 23131320?
23131100
In base 13, what is -6c34 - 11a5?
-8109
In base 16, what is 3705 + 1689?
4d8e
In base 12, what is -33b8 - 33?
-342b
In base 9, what is -840 + -47138?
-48078
In base 3, what is -201 + 212100221121?
212100220220
In base 12, what is -7 + 169629?
169622
In base 15, what is -2c74 + -9dc?
-3761
In base 12, what is -479056 - -4?
-479052
In base 12, what is 12238b - -4a?
122419
In base 5, what is -24221011 - 42302?
-24313313
In base 5, what is 1313103011002 - 0?
1313103011002
In base 4, what is -10133 - -1000203022?
1000132223
In base 2, what is 101010110 - -10001011101101000010?
10001011110010011000
In base 7, what is -366454 + -1644?
-401431
In base 13, what is -122 - 10644?
-10766
In base 16, what is 145f9 - -6b?
14664
In base 5, what is -31 + 240403202?
240403121
In base 6, what is 0 - 35112?
-35112
In base 8, what is -373 - -1442052?
1441457
In base 7, what is -354110323 - 1?
-354110324
In base 3, what is -200 - -2110020110012000?
2110020110011100
In base 12, what is -67401 - 46?
-67447
In base 10, what is -243 + -10434?
-10677
In base 13, what is 78 + 4cb6?
5061
In base 6, what is 20541 + -1321245?
-1300304
In base 11, what is 6380a6 + -64?
638042
In base 10, what is 8392577 + -3?
8392574
In base 8, what is 6265 - -742475?
750762
In base 15, what is -270 - b5?
-335
In base 2, what is 100 + 1010010110001010111111?
1010010110001011000011
In base 15, what is -503bd + -de3?
-512b1
In base 3, what is 1 + 1002102122102200?
1002102122102201
In base 7, what is -514 - 115140?
-115654
In base 13, what is 385633a + -2?
3856338
In base 14, what is -28a884a + -5?
-28a8851
In base 14, what is 3 - 1ba7b31b?
-1ba7b318
In base 10, what is -8533114 - -30?
-8533084
In base 12, what is 4bb57669 - -4?
4bb57671
In base 15, what is -c7b + -288d?
-3619
In base 8, what is 221260 - -6462?
227742
In base 15, what is -79 - 19649?
-196c3
In base 10, what is 9819 - 94596?
-84777
In base 12, what is 197bb3 + 210?
198203
In base 15, what is -14a13b + c2?
-14a069
In base 12, what is 11994 - -15?
119a9
In base 8, what is -10 - 4463506?
-4463516
In base 16, what is 518c00 - -a?
518c0a
In base 5, what is -204 - -124103301?
124103042
In base 16, what is e8010 - 168?
e7ea8
In base 4, what is -112 + 1223312110?
1223311332
In base 4, what is -13131220133 - -11?
-13131220122
In base 15, what is 5cc765 + -50?
5cc715
In base 6, what is 4212 + -3351200?
-3342544
In base 4, what is 1230 + 1000212?
1002102
In base 5, what is 24011 - 43302243?
-43223232
In base 4, what is -111011312 + 332122?
-110013130
In base 9, what is -30782837 + -7?
-30782845
In base 13, what is -276338 - 2?
-27633a
In base 16, what is -4 - f45d7a?
-f45d7e
In base 9, what is 71 - -10100410?
10100481
In base 8, what is -13363511 - -1?
-13363510
In base 15, what is 1034e - -1c44?
12093
In base 11, what is -2 + a3673a2?
a3673a0
In base 8, what is -333153770 - 1?
-333153771
In base 13, what is -616285bc + 5?
-616285b7
In base 13, what is -2 - -24316?
24314
In base 12, what is 4aa885 - -a?
4aa893
In base 14, what is c67 - 65d0?
-5767
In base 11, what is 14114 + -11945?
227a
In base 7, what is -46423 - -135113?
55360
In base 11, what is 2 - -56320674?
56320676
In base 2, what is -1001 + -10011010011101011111?
-10011010011101101000
In base 7, what is -56 + -12002220?
-12002306
In base 14, what is -4 + -89d399?
-89d39d
In base 8, what is -1246 - 16270?
-17536
In base 3, what is -212011010 - -11001112?
-201002121
In base 15, what is 619ac - 4?
619a8
In base 5, what is -4122403 + 324?
-4122024
In base 8, what is -56231531 - 3?
-56231534
In base 5, what is -1 - -10044241432?
10044241431
In base 10, what is -14 - -4401955?
4401941
In base 10, what is 5316851 + -2?
5316849
In base 7, what is -13044 - -26365?
13321
In base 4, what is 31032120 - -303?
31033023
In base 7, what is 1101204 + -12?
1101162
In base 16, what is 353ea3 - a?
353e99
In base 15, what is 97647 - 31?
97616
In base 15, what is 28a6 + 2824?
51ca
In base 5, what is 1 - 200223423041?
-200223423040
In base 3, what is 111101000 - -22222?
111200222
In base 2, what is 10101 - 101101011000101010111100?
-101101011000101010100111
In base 8, what is -61703 + 2055?
-57626
In base 6, what is 14113 + 44021?
102134
In base 6, what is -1132 - -4350035?
4344503
In base 5, what is -2 + -13323030244?
-13323030301
In base 15, what is 1 + 1231a49?
1